(b) = 15*b - 69. Let p be c(5). What is the highest common divisor of p and 198?
6
Let u be 9/(-21) + 95/(-7). Let y = u + 20. What is the highest common divisor of 30 and y?
6
Let l be (-20)/(-30)*((1 - -1) + 1). Let i be ((-11)/11)/(l/(-46)). Calculate the greatest common factor of 23 and i.
23
Let m(b) = 4*b**2 + b + 3. Let d be m(-3). Suppose -34*g - 352 = -d*g. What is the greatest common divisor of g and 16?
16
Let h = -23 - -43. Let w = 53 + -47. Suppose 5*b - w = 19. What is the highest common factor of b and h?
5
Let g = -13 - -2. Let a be 33/g + (6 - 0). Let w be ((-24)/18)/((-2)/a). What is the greatest common factor of 1 and w?
1
Let j = -2435 + 2483. Calculate the highest common divisor of j and 936.
24
Let x(o) = 5*o**3 + 14*o**2 - 5*o + 7. Let t be x(-3). Calculate the greatest common factor of 39 and t.
13
Let p be (-33)/396 + (18746/24)/13. Suppose 3*z = -5*j + 56, 3*z + j - 23 - 17 = 0. Calculate the highest common factor of p and z.
12
Suppose 3*u = m - 117, -2*u = 7*m - 2*m - 517. What is the greatest common divisor of 15 and m?
15
Let a(h) = 3 + 5*h - h**2 + 3 + 5*h - h. Let o be a(7). Calculate the greatest common divisor of 20 and o.
20
Let h(r) = 2*r**3 - 2*r**2 - 5*r - 3. Let b be h(3). Let c be 1/(-1)*9 - -1. Let g = b + c. What is the highest common divisor of g and 50?
10
Suppose 2*a + 138 = 5*u, -2*u - 7*a = -10*a - 53. Suppose -2*r = -2*o + o + 20, -3*r = 4*o - 124. Calculate the highest common factor of u and o.
28
Let t(a) = -2*a + 10. Let y be t(-5). Let q(r) = -r**3 + 21*r**2 - 19*r + 44. Let b be q(y). Calculate the greatest common factor of b and 32.
32
Suppose 312 = 6*v + 33*v. What is the greatest common factor of v and 72?
8
Suppose 4*d - 13 = 119. Suppose 4*z = 33 + 15. Suppose s - 10 = z. Calculate the greatest common divisor of s and d.
11
Let p(j) = j**3 - 13*j**2 + 14*j - 8. Let f be p(12). Let b be 72*(0 - (-12)/f). What is the highest common divisor of 27 and b?
27
Let o(r) = 4*r**2 - r + 4. Let i be o(5). Let x = i - 47. Suppose 4*c - 56 = x. What is the greatest common divisor of 18 and c?
9
Let l be (-6)/15 + 4/((-40)/(-2754)). What is the greatest common factor of l and 220?
55
Suppose -2317*l = -2320*l + 4935. Calculate the greatest common factor of l and 94.
47
Let p(r) = r**3 - 19*r**2 + 37*r - 2. Let x be p(17). What is the highest common factor of 35 and x?
7
Let o be (-4)/5*(4 + 34 + 7). Let i = o - -37. What is the greatest common divisor of 19 and i?
1
Suppose p = r + 2*p - 26, -105 = -4*r - 5*p. Suppose -2*i + 59 + r = 0. Calculate the highest common divisor of i and 105.
21
Let p(w) = 5*w**3 - 7*w**2 - 4*w + 1. Let s be p(6). Suppose s = 4*a + a. What is the highest common divisor of 23 and a?
23
Suppose -2*w = -0*p + p - 418, w + 5*p - 200 = 0. Suppose 0 = 6*v + 72 - w. What is the highest common factor of v and 23?
23
Suppose 2*o - 49 - 41 = -t, 5*o = 20. Suppose -2*z = -0*z - t. What is the highest common factor of z and 246?
41
Let n(w) = 14*w + 75. Let a be n(-5). Calculate the highest common factor of 155 and a.
5
Let l be 2/(-5) - 35/(-25). Let n(y) = 5*y + 16*y**3 - 64 - y**2 - 4*y + 63. Let m be n(l). What is the highest common factor of 165 and m?
15
Let h = 437 + -433. Calculate the greatest common factor of 244 and h.
4
Let x(j) = j**3 - 16*j**2 - 58*j + 26. Let q be x(19). Calculate the highest common divisor of q and 12.
1
Let i be (5 + -5)/(-1) + (-126)/(-2). Calculate the highest common divisor of 27 and i.
9
Suppose 2*k = 27 + 17. What is the highest common divisor of 3322 and k?
22
Suppose 27 = n - 2*t, 2*n - 3*n + 3*t + 24 = 0. Let w = n + -18. What is the highest common divisor of w and 60?
15
Let d(h) = 25*h**3 - 2*h**2 + 7*h - 6. Let m be d(1). Calculate the greatest common divisor of m and 9.
3
Let s(k) = -6*k. Let z be s(-2). Suppose -z = -5*t + 2*t. Let g(w) = 40*w + 732. Let p be g(-18). Calculate the highest common divisor of p and t.
4
Let j(p) = 18*p**2 + 5*p + 5. Let k be j(-1). Let z be -1 - (-30)/(1 + 2). Calculate the greatest common divisor of z and k.
9
Let s be (-14)/((-1)/(-2) + 0). Let k be (-14)/4*80/s. Calculate the highest common divisor of 40 and k.
10
Suppose 0 = p - 0*p - 9. Suppose 0*m - 4 = -l - 2*m, 11 = 2*l + 3*m. Let s = l + -7. Calculate the greatest common factor of p and s.
3
Let r be 10/75 - 2036/(-30). Let c be r/16 + 9/12. Let l(p) = p**2 - 2*p - 10. Let f be l(c). Calculate the highest common factor of 2 and f.
1
Let g(y) = -y**3 - 14*y**2 - 16*y - 15. Let t = 120 + -133. Let h be g(t). Calculate the greatest common factor of 264 and h.
24
Suppose -5*c + 6*c = 3*n + 73, 413 = 5*c - 3*n. Calculate the highest common divisor of 136 and c.
17
Let y(q) = -7*q - 39. Let p be y(-6). Suppose -p*t + 22 + 32 = 0. What is the highest common divisor of 45 and t?
9
Let l be 1/2*(-2 + 4). Let g = 9 - l. Let s = -11878 - -11902. What is the greatest common divisor of g and s?
8
Let z(i) = 61*i - 18. Let p be z(1). Calculate the greatest common divisor of 387 and p.
43
Let f = 53 + -35. Suppose 3*a - 3 = -4*i + 21, -4*i = 12. Let r be (-1)/(-2)*1*a. Calculate the greatest common divisor of r and f.
6
Let g(r) = -2*r**2 + 18*r + 3. Let d be g(9). Suppose 0 = -h - d*f + 114, 2*h + 3*h + 3*f - 546 = 0. Calculate the greatest common factor of h and 6.
6
Let y = -362 - -376. Calculate the highest common factor of y and 6.
2
Let w = 635 - 607. Calculate the greatest common divisor of 574 and w.
14
Suppose 770 = w + v, 29*v = -4*w + 24*v + 3085. What is the highest common divisor of w and 45?
45
Suppose 5*d - 10 = 40. Let z = 457 + -452. Calculate the greatest common factor of z and d.
5
Let x(s) = -s**3 - 18*s**2 - 22*s - 26. Let i be x(-17). Suppose 4*k - i - 325 = 0. Calculate the highest common divisor of k and 24.
24
Suppose -3*t + 4*w + 26 = 0, 0 = -t + 2*w - 6*w - 18. What is the highest common divisor of 3 and t?
1
Suppose -2*g = -3*x - 29, -g - 3*x + 6 = 2*g. Let w(s) = -102 + 3*s**2 - 108 - s - s + 208. Let l be w(5). Calculate the highest common factor of l and g.
7
Let h = 64 + -127. Let g = h + 114. What is the highest common factor of g and 153?
51
Let k(z) = z**3 - 24*z**2 - 46*z - 6. Let q be k(26). Suppose -b = 0, 2*b = -p + b + 60. Calculate the greatest common divisor of p and q.
30
Suppose 0 = -5*k - k - 924. Let p = -145 - k. Calculate the greatest common factor of p and 3.
3
Suppose 28 + 192 = 5*t + 5*n, -52 = -t + n. Suppose 2*l = 3*i - 27, 2*i = 2*l - 9 + 27. Suppose -y + 3 = -i. Calculate the greatest common divisor of y and t.
12
Let x = 25 - 15. Suppose -x*g = -8*g - 4. Let p be -2 - (1 - (1 - -4)). Calculate the highest common divisor of g and p.
2
Suppose -4*f + 1064 = -4*h, 71 = h + 73. Calculate the greatest common factor of 924 and f.
132
Let o(k) = k**2 - 11. Suppose -12 = 5*m - 4*p, -4*m - 3 = -5*p + 3. Let z be o(m). Calculate the greatest common divisor of z and 5.
5
Let o = 212 + -210. Let v = 0 + 7. Suppose 0 = -5*r + 3 + v. Calculate the greatest common factor of o and r.
2
Let d be 2 - 3/(-6)*4. Suppose 12 = p + 5*i - 8, -d*i = 3*p - 49. Suppose -4*u = u - p. What is the highest common divisor of 9 and u?
3
Suppose 0*u = -5*u + 270. Let y = -3246 - -3252. Calculate the highest common factor of u and y.
6
Let t be ((2211/(-6))/11)/(1/2). Let s = -19 - t. What is the greatest common divisor of s and 12?
12
Let c = 133 + -124. Calculate the highest common factor of c and 1953.
9
Let u be (-4)/(-34) - (-192)/102. Suppose 20*r = 21*r - u. Calculate the greatest common divisor of r and 18.
2
Let f = -1488 + 1512. What is the greatest common factor of f and 1668?
12
Let f(s) be the second derivative of -s**5/20 + 2*s**4/3 - 5*s**3/3 - 4*s**2 + 20*s. Let q be f(6). Calculate the greatest common factor of 44 and q.
4
Suppose -1 = 5*a - 11. Suppose p - 7 = -a. Suppose -291 + p = -2*c. What is the greatest common divisor of c and 13?
13
Suppose 0 = 3*p - 9, -2 = x - 2*p - 20. Calculate the greatest common factor of 552 and x.
24
Let c be 2 + (0 - 1 - -138). Let f = c - 79. What is the highest common divisor of 20 and f?
20
Let q(j) = j**3 + j**2 + 10*j - 1. Let i be q(3). What is the highest common factor of i and 78?
13
Let i be ((-2)/(-6))/(3/63) - -3. Let s(d) = 3*d + 32. Let o be s(-4). Calculate the highest commo